[INFO] fetching crate bme280 0.4.4...
[INFO] checking bme280-0.4.4 against master#e6e4f7ed1589e03bc2f6c5931c1a72e7947e8682 for beta-170-4
[INFO] extracting crate bme280 0.4.4 into /workspace/builds/worker-7-tc2/source
[INFO] validating manifest of crates.io crate bme280 0.4.4 on toolchain e6e4f7ed1589e03bc2f6c5931c1a72e7947e8682
[INFO] running `Command { std: CARGO_HOME="/workspace/cargo-home" RUSTUP_HOME="/workspace/rustup-home" "/workspace/cargo-home/bin/cargo" "+e6e4f7ed1589e03bc2f6c5931c1a72e7947e8682" "metadata" "--manifest-path" "Cargo.toml" "--no-deps", kill_on_drop: false }`
[INFO] started tweaking crates.io crate bme280 0.4.4
[INFO] removed 0 missing examples
[INFO] finished tweaking crates.io crate bme280 0.4.4
[INFO] tweaked toml for crates.io crate bme280 0.4.4 written to /workspace/builds/worker-7-tc2/source/Cargo.toml
[INFO] crate crates.io crate bme280 0.4.4 already has a lockfile, it will not be regenerated
[INFO] running `Command { std: CARGO_HOME="/workspace/cargo-home" RUSTUP_HOME="/workspace/rustup-home" "/workspace/cargo-home/bin/cargo" "+e6e4f7ed1589e03bc2f6c5931c1a72e7947e8682" "fetch" "--manifest-path" "Cargo.toml", kill_on_drop: false }`
[INFO] running `Command { std: "docker" "create" "-v" "/var/lib/crater-agent-workspace/builds/worker-7-tc2/target:/opt/rustwide/target:rw,Z" "-v" "/var/lib/crater-agent-workspace/builds/worker-7-tc2/source:/opt/rustwide/workdir:ro,Z" "-v" "/var/lib/crater-agent-workspace/cargo-home:/opt/rustwide/cargo-home:ro,Z" "-v" "/var/lib/crater-agent-workspace/rustup-home:/opt/rustwide/rustup-home:ro,Z" "-e" "SOURCE_DIR=/opt/rustwide/workdir" "-e" "CARGO_TARGET_DIR=/opt/rustwide/target" "-e" "CARGO_HOME=/opt/rustwide/cargo-home" "-e" "RUSTUP_HOME=/opt/rustwide/rustup-home" "-w" "/opt/rustwide/workdir" "-m" "1610612736" "--user" "0:0" "--network" "none" "ghcr.io/rust-lang/crates-build-env/linux@sha256:19e73879b68f455e41552ea35293514db52ea292d993f571636dbffedb77a1ee" "/opt/rustwide/cargo-home/bin/cargo" "+e6e4f7ed1589e03bc2f6c5931c1a72e7947e8682" "metadata" "--no-deps" "--format-version=1", kill_on_drop: false }`
[INFO] [stdout] a714d2b588e58dde99c82d5b6f76b2da5e4b6ec38dea444486cc9c50b148e931
[INFO] running `Command { std: "docker" "start" "-a" "a714d2b588e58dde99c82d5b6f76b2da5e4b6ec38dea444486cc9c50b148e931", kill_on_drop: false }`
[INFO] running `Command { std: "docker" "inspect" "a714d2b588e58dde99c82d5b6f76b2da5e4b6ec38dea444486cc9c50b148e931", kill_on_drop: false }`
[INFO] running `Command { std: "docker" "rm" "-f" "a714d2b588e58dde99c82d5b6f76b2da5e4b6ec38dea444486cc9c50b148e931", kill_on_drop: false }`
[INFO] [stdout] a714d2b588e58dde99c82d5b6f76b2da5e4b6ec38dea444486cc9c50b148e931
[INFO] running `Command { std: "docker" "create" "-v" "/var/lib/crater-agent-workspace/builds/worker-7-tc2/target:/opt/rustwide/target:rw,Z" "-v" "/var/lib/crater-agent-workspace/builds/worker-7-tc2/source:/opt/rustwide/workdir:ro,Z" "-v" "/var/lib/crater-agent-workspace/cargo-home:/opt/rustwide/cargo-home:ro,Z" "-v" "/var/lib/crater-agent-workspace/rustup-home:/opt/rustwide/rustup-home:ro,Z" "-e" "SOURCE_DIR=/opt/rustwide/workdir" "-e" "CARGO_TARGET_DIR=/opt/rustwide/target" "-e" "CARGO_INCREMENTAL=0" "-e" "RUST_BACKTRACE=full" "-e" "RUSTFLAGS=--cap-lints=forbid" "-e" "RUSTDOCFLAGS=--cap-lints=forbid" "-e" "CARGO_HOME=/opt/rustwide/cargo-home" "-e" "RUSTUP_HOME=/opt/rustwide/rustup-home" "-w" "/opt/rustwide/workdir" "-m" "1610612736" "--user" "0:0" "--network" "none" "ghcr.io/rust-lang/crates-build-env/linux@sha256:19e73879b68f455e41552ea35293514db52ea292d993f571636dbffedb77a1ee" "/opt/rustwide/cargo-home/bin/cargo" "+e6e4f7ed1589e03bc2f6c5931c1a72e7947e8682" "check" "--frozen" "--all" "--all-targets" "--message-format=json", kill_on_drop: false }`
[INFO] [stdout] 6be2e086829810e817429ec373b2c075be0b11a5c6b2f549953020bbb80ad69f
[INFO] running `Command { std: "docker" "start" "-a" "6be2e086829810e817429ec373b2c075be0b11a5c6b2f549953020bbb80ad69f", kill_on_drop: false }`
[INFO] [stderr]    Compiling proc-macro2 v1.0.36
[INFO] [stderr]    Compiling unicode-xid v0.2.2
[INFO] [stderr]    Compiling syn v1.0.90
[INFO] [stderr]     Checking nb v1.0.0
[INFO] [stderr]    Compiling cortex-m v0.7.4
[INFO] [stderr]     Checking void v1.0.2
[INFO] [stderr]     Checking vcell v0.1.3
[INFO] [stderr]     Checking bitfield v0.13.2
[INFO] [stderr]    Compiling cortex-m-rt v0.7.1
[INFO] [stderr]     Checking bare-metal v1.0.0
[INFO] [stderr]    Compiling hashbrown v0.11.2
[INFO] [stderr]    Compiling defmt v0.3.2
[INFO] [stderr]    Compiling lock_api v0.4.7
[INFO] [stderr]    Compiling bare-metal v0.2.5
[INFO] [stderr]    Compiling indexmap v1.8.1
[INFO] [stderr]    Compiling paste v1.0.7
[INFO] [stderr]    Compiling defmt-macros v0.3.2
[INFO] [stderr]    Compiling libc v0.2.121
[INFO] [stderr]     Checking byteorder v1.4.3
[INFO] [stderr]     Checking volatile-register v0.2.1
[INFO] [stderr]     Checking nb v0.1.3
[INFO] [stderr]    Compiling heapless v0.7.10
[INFO] [stderr]    Compiling defmt-parser v0.3.1
[INFO] [stderr]     Checking embedded-hal v0.2.7
[INFO] [stderr]    Compiling critical-section v0.2.5
[INFO] [stderr]    Compiling cortex-m-semihosting v0.5.0
[INFO] [stderr]    Compiling stm32f4 v0.14.0
[INFO] [stderr]     Checking hash32 v0.2.1
[INFO] [stderr]     Checking embedded-hal v1.0.0-alpha.7
[INFO] [stderr]    Compiling cortex-m-rtic v1.0.0
[INFO] [stderr]    Compiling defmt-rtt v0.3.2
[INFO] [stderr]     Checking num_threads v0.1.5
[INFO] [stderr]     Checking hd44780-driver v0.4.0
[INFO] [stderr]     Checking embedded-dma v0.2.0
[INFO] [stderr]     Checking rtic-monotonic v1.0.0
[INFO] [stderr]     Checking rtic-core v1.0.0
[INFO] [stderr]     Checking embedded-storage v0.2.0
[INFO] [stderr]     Checking rand_core v0.6.3
[INFO] [stderr]     Checking bme280 v0.4.4 (/opt/rustwide/workdir)
[INFO] [stderr]     Checking spin v0.9.2
[INFO] [stderr]     Checking gcd v2.1.0
[INFO] [stderr]     Checking panic-semihosting v0.6.0
[INFO] [stderr]     Checking fugit v0.3.5
[INFO] [stderr]    Compiling quote v1.0.17
[INFO] [stderr]     Checking fugit-timer v0.1.3
[INFO] [stderr]     Checking time v0.3.9
[INFO] [stderr]    Compiling proc-macro-error-attr v1.0.4
[INFO] [stderr]    Compiling proc-macro-error v1.0.4
[INFO] [stderr]    Compiling rtic-syntax v1.0.0
[INFO] [stderr]    Compiling cortex-m-rt-macros v0.7.0
[INFO] [stderr]    Compiling cortex-m-rtic-macros v1.0.0
[INFO] [stderr]     Checking stm32f4xx-hal v0.12.0
[INFO] [stdout] error[E0463]: can't find crate for `linux_embedded_hal`
[INFO] [stdout]  --> examples/basic.rs:2:1
[INFO] [stdout]   |
[INFO] [stdout] 2 | extern crate linux_embedded_hal as hal;
[INFO] [stdout]   | ^^^^^^^^^^^^^^^^^^^^^^^^^^^^^^^^^^^^^^^ can't find crate
[INFO] [stdout] 
[INFO] [stdout] 
[INFO] [stdout] error[E0433]: failed to resolve: use of undeclared crate or module `defmt`
[INFO] [stdout]   --> examples/rtic.rs:69:17
[INFO] [stdout]    |
[INFO] [stdout] 69 |                 defmt::println!("Could not initialize bme280, Error");
[INFO] [stdout]    |                 ^^^^^ use of undeclared crate or module `defmt`
[INFO] [stdout] 
[INFO] [stdout] 
[INFO] [stdout] error[E0433]: failed to resolve: use of undeclared crate or module `defmt`
[INFO] [stdout]   --> examples/rtic.rs:85:21
[INFO] [stdout]    |
[INFO] [stdout] 85 |                     defmt::println!("Relative Humidity = {}%", measurements.humidity);
[INFO] [stdout]    |                     ^^^^^ use of undeclared crate or module `defmt`
[INFO] [stdout] 
[INFO] [stdout] 
[INFO] [stdout] error[E0433]: failed to resolve: use of undeclared crate or module `defmt`
[INFO] [stdout]   --> examples/rtic.rs:86:21
[INFO] [stdout]    |
[INFO] [stdout] 86 |                     defmt::println!("Temperature = {} deg C", measurements.temperature);
[INFO] [stdout]    |                     ^^^^^ use of undeclared crate or module `defmt`
[INFO] [stdout] 
[INFO] [stdout] 
[INFO] [stdout] error[E0433]: failed to resolve: use of undeclared crate or module `defmt`
[INFO] [stdout]   --> examples/rtic.rs:87:21
[INFO] [stdout]    |
[INFO] [stdout] 87 |                     defmt::println!("Pressure = {} pascals", measurements.pressure);
[INFO] [stdout]    |                     ^^^^^ use of undeclared crate or module `defmt`
[INFO] [stdout] 
[INFO] [stdout] 
[INFO] [stdout] error[E0433]: failed to resolve: use of undeclared crate or module `defmt`
[INFO] [stdout]   --> examples/rtic.rs:90:21
[INFO] [stdout]    |
[INFO] [stdout] 90 |                     defmt::println!("Could not read bme280 due to error");
[INFO] [stdout]    |                     ^^^^^ use of undeclared crate or module `defmt`
[INFO] [stdout] 
[INFO] [stdout] 
[INFO] [stdout] error: aborting due to 5 previous errors
[INFO] [stdout] 
[INFO] [stdout] 
[INFO] [stdout] For more information about this error, try `rustc --explain E0433`.
[INFO] [stdout] 
[INFO] [stderr] error: could not compile `bme280` (example "rtic") due to 6 previous errors
[INFO] [stderr] warning: build failed, waiting for other jobs to finish...
[INFO] [stdout] error[E0425]: cannot find value `delay` in this scope
[INFO] [stdout]   --> examples/basic.rs:13:22
[INFO] [stdout]    |
[INFO] [stdout] 13 |     bme280.init(&mut delay).unwrap();
[INFO] [stdout]    |                      ^^^^^ not found in this scope
[INFO] [stdout]    |
[INFO] [stdout] help: consider importing this function
[INFO] [stdout]    |
[INFO] [stdout] 4  + use cortex_m::asm::delay;
[INFO] [stdout]    |
[INFO] [stdout] 
[INFO] [stdout] 
[INFO] [stdout] error: aborting due to 2 previous errors
[INFO] [stdout] 
[INFO] [stdout] 
[INFO] [stdout] Some errors have detailed explanations: E0425, E0463.
[INFO] [stdout] 
[INFO] [stdout] For more information about an error, try `rustc --explain E0425`.
[INFO] [stdout] 
[INFO] [stderr] error: could not compile `bme280` (example "basic") due to 3 previous errors
[INFO] running `Command { std: "docker" "inspect" "6be2e086829810e817429ec373b2c075be0b11a5c6b2f549953020bbb80ad69f", kill_on_drop: false }`
[INFO] running `Command { std: "docker" "rm" "-f" "6be2e086829810e817429ec373b2c075be0b11a5c6b2f549953020bbb80ad69f", kill_on_drop: false }`
[INFO] [stdout] 6be2e086829810e817429ec373b2c075be0b11a5c6b2f549953020bbb80ad69f
